uppose -11*m + 50 = -6*m. Suppose -3*n = -122 - 28. What is the greatest common divisor of n and m?
10
Suppose 3*d - 4*y = 38, -44 = -2*d - 2*y - 0*y. Suppose 0 = 27*l - 26*l - d. What is the highest common factor of 12 and l?
6
Let t be (-186)/84*-76 + (-12)/42. Calculate the highest common factor of 462 and t.
42
Let t = -696 + 699. Suppose 0 = 2*a - 5*i - 47, -2*a = a + t*i - 39. What is the greatest common factor of 304 and a?
16
Let o be (0 - -9)*(-154889)/(-87). What is the greatest common factor of o and 294?
147
Suppose -78*m + 1788 - 63 = -459. What is the greatest common divisor of 19 and m?
1
Suppose 4*w = -7*w + 18304. Suppose 36*d = 28*d + w. Calculate the greatest common divisor of 16 and d.
16
Let w(t) = t**2 + 13*t + 43. Let y be w(-8). Suppose -y*k = s - 129, -11*k - 4*s + 215 = -6*k. Calculate the highest common divisor of 43 and k.
43
Suppose 0 = 1548*f - 1553*f + 245. Calculate the highest common divisor of 4949 and f.
49
Suppose -30*t - 429 = -19*t. Let y be (8/(-3))/2*(t + 6). What is the greatest common divisor of y and 396?
44
Suppose -16994*r + 16993*r = -268. What is the greatest common factor of r and 20?
4
Suppose -5*l + 10 = -f - 9, l = -f - 1. Suppose 2*g - 4*n = 7*g - 1420, l*n + 303 = g. Calculate the highest common factor of g and 72.
72
Let k be -4*((-61)/4 + 12/4). Suppose a = 4*t + 29, -2*a - 5*t = -37 + 5. Calculate the greatest common divisor of k and a.
7
Suppose -2 = -3*w - 5. Let o = -117 + 143. Let s = w + o. Calculate the greatest common divisor of s and 10.
5
Let h(p) = -p**2 - 8*p + 16. Let j = -18 + 19. Let i be -8 + -2 + (4 - j). Let r be h(i). Calculate the greatest common divisor of 115 and r.
23
Let o(b) = b**2 - 7*b + 3. Let z be o(3). Let j be (-357)/z + (-2)/(-6). Let a = -4453 + 4553. Calculate the greatest common factor of j and a.
20
Suppose -6*h + 33 = 5*h. Suppose -3*f = -i + 241, i + h*f - 711 = -2*i. What is the greatest common factor of 14 and i?
14
Suppose -9382 = -11*f + 18525. What is the greatest common factor of 86 and f?
43
Let a be 453 - 0 - (-38)/38. Let g = a + -159. What is the highest common divisor of g and 118?
59
Suppose 2*g + 5*z = 4*g - 286, 5*g + z = 688. Calculate the greatest common divisor of g and 3220.
46
Suppose 546 = -2*o + 5*o. Suppose 2*u - 5*u = -5*a - o, -2*u + 116 = -2*a. Let d be (-3 - -1) + 4 + (5 - 1). What is the highest common divisor of d and u?
6
Let v(s) = s**2 + 20*s + 70. Let x be (-20 - -16) + 0/(-3). Let z be v(x). What is the greatest common divisor of z and 24?
6
Let t = -42 - -90. Suppose 152*l - 144*l = t. What is the highest common divisor of l and 174?
6
Suppose 0*k - 84 = -2*k. Let i = -37 + k. Suppose 4*d - 13 - 47 = -i*x, -5*x = 2*d - 50. Calculate the highest common divisor of x and 1.
1
Let s = -646 + 907. Suppose -5*m - 4*f = -98, 0 = m - 7*f + 2*f - 8. Calculate the highest common factor of s and m.
9
Let m(g) = -51*g**2 - g + 10. Let y be m(4). Let p be 14/4*y/(-63). Calculate the greatest common factor of p and 45.
45
Suppose 119*q - 22823 + 5552 = 18*q. Let c be -1 + 2/(-2) - -11. Calculate the highest common factor of c and q.
9
Let s be (5*(-12)/10)/((-120)/(-18) + -7). Let t be (-70)/(-4) - 2/(-4). What is the highest common divisor of s and t?
18
Suppose 2*r + 2*f - 16 = 0, 1969*r - 5*f = 1964*r + 50. Let c(u) = -u + 2. Let x be c(2). Suppose -b + x = -r. What is the greatest common divisor of b and 81?
9
Suppose 4*b - 3*y - 11 = 0, -6*y = -3*b - 2*y + 10. Let i be b/20 + (-237)/(-30). Calculate the greatest common divisor of i and 60.
4
Let j(d) = -458*d - 4516. Let r be j(-10). Let z = 163 + -115. Suppose -k + 4*k - z = 0. What is the highest common divisor of k and r?
16
Let s = 27290 + -19509. What is the greatest common factor of s and 124?
31
Let c(h) = -211*h - 916. Let t be c(-9). What is the greatest common divisor of 4 and t?
1
Let v = -15 + 31. Suppose -7*c - 5*c - 1224 = 0. Let m = c + 214. What is the greatest common factor of m and v?
16
Let o(s) = 4*s**3 - 5*s**2 + 5*s. Let y be o(2). What is the highest common divisor of 2662 and y?
22
Let d be 1228/(17 - 19 - -2*2). Let w = d - 563. What is the highest common divisor of w and 663?
51
Let t = -10036 - -10054. Calculate the highest common divisor of 104 and t.
2
Let g = -71 - 10. Let k = g + 85. Let v be (k + (-416)/14)*14/(-3). Calculate the greatest common factor of v and 48.
24
Let t(k) = -7*k - 4. Suppose -8*o + 63 = -o. Let d = -12 + o. Let y be t(d). What is the highest common factor of y and 68?
17
Suppose -p + 4*l + 21 = 0, -5*p + 3*p - l + 6 = 0. Suppose b = 5*k + 67, p*b - 556 + 201 = 5*k. What is the greatest common factor of b and 240?
24
Suppose 4*k - 107 = -3. Suppose 2*r + 770*s = 775*s + 1241, 0 = 5*r - 5*s - 3035. Calculate the highest common divisor of r and k.
26
Let b = 10719 - 10612. What is the highest common divisor of 32421 and b?
107
Let n(c) = 3*c**3 + 5*c**2 - 1. Let q be n(2). Suppose 61 = 2*f + q. Let o be (210/f)/(2/6). What is the greatest common divisor of 10 and o?
10
Suppose 0 = -2*b - 5*i + 38, 747*b - 14 = 745*b + i. Calculate the highest common divisor of 159 and b.
3
Suppose 22*c + 57*c - 7*c = 4320. What is the highest common factor of 3216 and c?
12
Suppose 4*s = 9*d - 7*d - 26, d = 5*s + 1. What is the highest common divisor of d and 35?
7
Let q be ((-90)/(-12) + -6)*136/(-6). Let x be (2388/q)/(-2) + (-166)/1411. Calculate the greatest common factor of 70 and x.
35
Suppose 5*v - 515 = -5*x, 0*v = 5*x + v - 519. Let y be 2*2/(-10) - (-596)/(-10). Let c = -47 - y. What is the greatest common divisor of c and x?
13
Let j be 240/(-56)*43*-14. Suppose -1980 = -2*l + j. Suppose -10*u + l = 5*u. What is the highest common divisor of 19 and u?
19
Let i be (-4*15/12)/(-1). Suppose 10 = -5*d, -8*o + 4*o + i*d = -370. What is the greatest common divisor of 36 and o?
18
Suppose -7*c - 63*c + 242686 = 54806. What is the greatest common divisor of c and 132?
44
Suppose 32*m = 7*m + 48050. What is the highest common factor of m and 434?
62
Suppose -4*h + 272 = -16. Suppose -i - 5*p = -6, -3*p + p - 2 = -4*i. Let j be (-13 + i)*9/(243/(-18)). What is the highest common factor of h and j?
8
Let h be (-1 - 0)*(-20 - 1). Let g be 1 + -4 + 8/1. Suppose 4*w + u - 85 = 0, -g*w + 3*w = -u - 41. What is the greatest common divisor of h and w?
21
Let t be (-2)/(-18) + 51810/270. Calculate the highest common divisor of t and 1088.
64
Let q be 1078/3*(-4 - (-11)/2). Calculate the greatest common divisor of 147 and q.
49
Let j = 14 + 3. Suppose -23*o = 30*o - 15*o - 4522. Calculate the highest common divisor of o and j.
17
Let g(j) = 1590*j - 1974. Let p be g(2). What is the greatest common divisor of p and 1742?
134
Suppose -51*o + 7241 + 4081 = 0. Calculate the highest common divisor of 201 and o.
3
Suppose 33*h = -28*h + 244. Suppose k - 2*b = -0*k + 6, 5*b + 18 = h*k. Let j(x) = -x. Let m be j(-7). What is the highest common factor of k and m?
1
Suppose -3*p = 2*p + 5*f + 5, 4*f = -20. Suppose 0 = -2*n + 4*o + 6, 0*n - p*n = 4*o - 48. Calculate the greatest common divisor of n and 39.
3
Let x(a) = 32*a**2 - 4*a + 7. Let w be x(1). Let f be (-32)/56 - (-55)/w. Calculate the greatest common divisor of 19 and f.
1
Suppose -3*d + 5*z - 2 = 0, 2*d - 17 = -3*z + 7. Let n be 9/2*286/39. Suppose -n + 9 = -4*o. Calculate the greatest common divisor of d and o.
6
Let q be 350/35*-178*(-4 + 60/16). Calculate the highest common factor of 178 and q.
89
Suppose b - 3*b = 3*j - 101, -3*j + 4*b + 113 = 0. Suppose s - 184*x + 187*x + 8 = 0, 4*x + 20 = 0. Calculate the highest common divisor of j and s.
7
Suppose -3*d - 4*l = -425, 3*l - 45 = d - 204. Let x be ((-14)/4)/(-5 + (-178)/(-36)). What is the highest common factor of d and x?
21
Suppose -3275 - 4706 = -26*g + 599. Calculate the greatest common factor of 230 and g.
10
Suppose -32*l = 11610 - 32250. Calculate the highest common divisor of l and 135.
15
Suppose 5*b = 935 + 2110. Suppose 3*f - 5*j - 358 = 0, 0 = -5*f - 3*j - j + b. Let d be 2*66/12 - 0. What is the highest common divisor of f and d?
11
Let q(n) = n**2 - 14*n + 15. Let b be q(11). Let a = 50 + b. Suppose 192 = -65*f + 68*f. Calculate the highest common divisor of a and f.
32
Let u(o) = -19*o + 899. Let d be u(47). What is the highes